{"version":"1.0","provider_name":"Schweizerische Islamische Gemeinschaft - SIG","provider_url":"https:\/\/sigzentrum.ch\/tr\/","author_name":"Kamil Demirci","author_url":"https:\/\/sigzentrum.ch\/tr\/author\/kamil-demirci\/","title":"Dernek - Schweizerische Islamische Gemeinschaft - SIG","type":"rich","width":600,"height":338,"html":"<blockquote class=\"wp-embedded-content\" data-secret=\"qCdvj4tT0S\"><a href=\"https:\/\/sigzentrum.ch\/tr\/dernek\/\">Dernek<\/a><\/blockquote><iframe sandbox=\"allow-scripts\" security=\"restricted\" src=\"https:\/\/sigzentrum.ch\/tr\/dernek\/embed\/#?secret=qCdvj4tT0S\" width=\"600\" height=\"338\" title=\"&#8220;Dernek&#8221; &#8212; Schweizerische Islamische Gemeinschaft - SIG\" data-secret=\"qCdvj4tT0S\" frameborder=\"0\" marginwidth=\"0\" marginheight=\"0\" scrolling=\"no\" class=\"wp-embedded-content\"><\/iframe><script type=\"text\/javascript\">\n\/* <![CDATA[ *\/\n\/*! This file is auto-generated *\/\n!function(d,l){\"use strict\";l.querySelector&&d.addEventListener&&\"undefined\"!=typeof URL&&(d.wp=d.wp||{},d.wp.receiveEmbedMessage||(d.wp.receiveEmbedMessage=function(e){var t=e.data;if((t||t.secret||t.message||t.value)&&!\/[^a-zA-Z0-9]\/.test(t.secret)){for(var s,r,n,a=l.querySelectorAll('iframe[data-secret=\"'+t.secret+'\"]'),o=l.querySelectorAll('blockquote[data-secret=\"'+t.secret+'\"]'),c=new RegExp(\"^https?:$\",\"i\"),i=0;i<o.length;i++)o[i].style.display=\"none\";for(i=0;i<a.length;i++)s=a[i],e.source===s.contentWindow&&(s.removeAttribute(\"style\"),\"height\"===t.message?(1e3<(r=parseInt(t.value,10))?r=1e3:~~r<200&&(r=200),s.height=r):\"link\"===t.message&&(r=new URL(s.getAttribute(\"src\")),n=new URL(t.value),c.test(n.protocol))&&n.host===r.host&&l.activeElement===s&&(d.top.location.href=t.value))}},d.addEventListener(\"message\",d.wp.receiveEmbedMessage,!1),l.addEventListener(\"DOMContentLoaded\",function(){for(var e,t,s=l.querySelectorAll(\"iframe.wp-embedded-content\"),r=0;r<s.length;r++)(t=(e=s[r]).getAttribute(\"data-secret\"))||(t=Math.random().toString(36).substring(2,12),e.src+=\"#?secret=\"+t,e.setAttribute(\"data-secret\",t)),e.contentWindow.postMessage({message:\"ready\",secret:t},\"*\")},!1)))}(window,document);\n\/\/# sourceURL=https:\/\/sigzentrum.ch\/wp-includes\/js\/wp-embed.min.js\n\/* ]]> *\/\n<\/script>\n","thumbnail_url":"https:\/\/sigzentrum.ch\/wp-content\/uploads\/2018\/09\/gebaeude.jpg","thumbnail_width":1800,"thumbnail_height":1350,"description":"\u0130svi\u00e7re \u0130slam Toplumu (SIG), M\u00fcsl\u00fcmanlar\u0131n dini ya\u015fam\u0131n\u0131 kolayla\u015ft\u0131rmak amac\u0131yla kapsaml\u0131 dini, sosyal ve k\u00fclt\u00fcrel hizmetler sunan bir \u0130slam dini toplulu\u011fudur. Dernek, kanton \u015fubelerinin camileri i\u015fletme, inananlara dini ve k\u00fclt\u00fcrel destek sa\u011flama ve geni\u015f bir e\u011fitim yelpazesi sunma \u00e7abalar\u0131n\u0131 desteklemektedir. SIG, M\u00fcsl\u00fcmanlar\u0131n ya\u015fam ko\u015fullar\u0131n\u0131n iyile\u015ftirilmesi ve temel haklar\u0131n\u0131n korunmas\u0131 i\u00e7in \u00e7al\u0131\u015fmaktad\u0131r. SIG ayr\u0131ca toplumun t\u00fcm kesimleriyle [&hellip;]"}

İsviçre İslam Toplumu (SIG), Müslümanların dini yaşamını kolaylaştırmak amacıyla kapsamlı dini, sosyal ve kültürel hizmetler sunan bir İslam dini topluluğudur. Dernek, kanton şubelerinin camileri işletme, inananlara dini ve kültürel destek sağlama ve geniş bir eğitim yelpazesi sunma çabalarını desteklemektedir. SIG, Müslümanların yaşam koşullarının iyileştirilmesi ve temel haklarının korunması için çalışmaktadır. SIG ayrıca toplumun tüm kesimleriyle [&hellip;]
